= -220. Is l(p) prime?
False
Is (5 - (16923147/12)/(-23))*(-8)/(-6) a prime number?
True
Suppose 2*m = -w + 1609821, -w + 332354 = 8*m - 6106945. Is m composite?
False
Suppose 14*z = -0*z + 70. Suppose 2*m + 7771 = 3*w + 7*m, z*w + 2*m - 12920 = 0. Let k = -645 + w. Is k composite?
True
Let z = 6892 - 2699. Let u(i) = 13*i**3 + 3*i + 5. Let j be u(4). Suppose 4*f + 3*y = -f + z, -2*y - j = -f. Is f composite?
True
Let z = -2 + -3. Let s be (-187)/(-55) + 2/z. Suppose -70 = -s*h + 512. Is h prime?
False
Let s(p) = p**3 + 10*p**2 + 8*p + 18. Let d be s(-9). Let w(m) = 2*m**3 - 43*m**2 - 17*m + 61. Is w(d) composite?
False
Let w be (37/3)/((-22)/(-21780)). Suppose q - 7*q = -w. Suppose -9*u = -4*u - q. Is u a prime number?
False
Let t(y) = 32*y**3 - 41*y**2 - 107*y + 151. Is t(30) composite?
True
Let n = -325 + 522. Suppose n*z = 194*z + 17853. Is z a prime number?
False
Let i = 222 + -108. Let c = -121 + i. Is (3 + -5)*((-85708)/(-8))/c a prime number?
True
Let r(d) = -618*d - 7. Let v(n) = 619*n + 6. Let q(k) = 3*r(k) + 4*v(k). Let z be q(3). Suppose -3*g + 8526 - z = 0. Is g a prime number?
False
Let y = 128 - 106. Suppose -y*s + 14*s = -7736. Is s composite?
False
Suppose 0 = 4*x + 3*g - 23515, -7*x - 2*g = -6*x - 5880. Is 2/(3 - 17630/x) a composite number?
False
Let j(z) = 2*z**2 + 2*z - 2. Let t be j(1). Suppose -3*o - 7*q = -4*q - 8793, -4*o = -t*q - 11748. Is o prime?
False
Let u = -59 + 77. Suppose 7*p - u = p. Let i(y) = 30*y - 8. Is i(p) prime?
False
Let j be (-4680)/(-4) + (1 - -8). Let t = 4018 - j. Is t composite?
True
Let f be 1 - 5 - 4974/(-3). Suppose -2*w - 3*d = -1658, -w - w - 4*d = -f. Is w composite?
True
Suppose -111 = 19*t + 41. Let n = 7370 + -3620. Is -3*1/(-12) - n/t composite?
True
Let r(n) = n**3 - 16*n**2 + 15*n + 3. Let t be r(15). Suppose 8414 = t*k - k. Suppose -5*p + 228 + k = 0. Is p a composite number?
False
Suppose u - 23 = -0*q - 5*q, -q - 4*u = -16. Suppose -q*l - 4*t = -5972, 5*l - 4634 - 2795 = 4*t. Let x = 945 + l. Is x prime?
False
Let m(l) = l**3 - l**2 - 124*l + 168991. Is m(0) composite?
False
Let u be 3/(-8) + 301/56. Is ((u + -6)*-3 - 470)*-5 a composite number?
True
Suppose -3*v + 5*b + 2714 = -0*b, 10*v - 9110 = 4*b. Is v composite?
True
Let l(d) = 2*d**3 + 54*d**2 - 4*d - 169. Is l(15) composite?
False
Suppose 42 + 77 = 17*p. Suppose -63421 - 74332 = -p*k. Is k composite?
True
Let f = -20258 + 34590. Suppose 7*b + f = 57809. Is b a composite number?
False
Let t = 279249 + -156068. Is t prime?
False
Let t(f) = 14*f - 5. Let k(y) = -y**3 - y**2 - 3*y + 4. Let j be k(-2). Is t(j) a prime number?
True
Suppose 3*s - 35 + 6 = 4*t, -3*t - 18 = -s. Is (t + 9)/(-2)*(-4106)/4 prime?
True
Suppose -240*m - 76 = -242*m. Suppose -4*i + 142 = 2*x, -3*i + 66 = x - m. Is i prime?
False
Suppose -j - 2*t + 47969 = 0, 0*t = -5*j - 5*t + 239820. Let u = -25844 + j. Is u a prime number?
False
Is (13 - (-7356)/(-24))/(-2)*44*1 a prime number?
False
Suppose -562*c + 573*c - 1559591 = 0. Is c a composite number?
True
Let i be ((-2 - -7) + -6)*-2*1. Suppose r = i*t - 984, 11*t - 9*t - 4*r = 978. Is t prime?
False
Suppose 953*u - 956*u + 5*g + 1621286 = 0, -2*u = -g - 1080869. Is u composite?
False
Is 183403 + -24 - (-7 - 1) a prime number?
False
Suppose -3*q - 4*d + 25 - 6 = 0, -5*q = 5*d - 30. Suppose 5912 = q*l - 13993. Is l prime?
False
Suppose 7*l = -5*l - 636. Let m = 59 + l. Suppose -m*x - 2849 = -13*x. Is x a composite number?
True
Let g be (-1 + (-1 - -2))*37/(-74). Suppose 3*t = 4*d - 22744, g*t + 28395 = 5*d + 5*t. Is d prime?
True
Let f(l) = 518*l**2 + 14*l + 87. Let r be f(-8). Let i = r + -12758. Is i composite?
False
Suppose 2*z - 3*u = -1697, -13*z + 841 = -14*z + 4*u. Let k be 3 - 2 - (1 + 1272). Let y = z - k. Is y a prime number?
True
Let z = 226108 + -3455. Is z a prime number?
False
Suppose 2*h = -14 + 6. Is (6038/h)/(5 - (-66)/(-12)) a prime number?
True
Let j = -107006 - -275025. Is j prime?
False
Suppose 5*t - 200547 = 4*k, -11*t - 80224 = -13*t - k. Is t prime?
True
Let y be 57 + (4 - 0 - 2). Suppose -14 = 9*r - y. Suppose 2*f + r*t - 4459 = 955, -2*t = 2*f - 5414. Is f prime?
True
Suppose -187369 = -3*l + 1483*a - 1479*a, 4*l - 5*a - 249826 = 0. Is l composite?
False
Suppose -5*b - 5*t + 30 = 0, -2 = 4*b - 3*t - 54. Let j(f) = 4*f**3 + 0*f**2 + 9 + 0*f**2 + 3*f - b. Is j(5) prime?
False
Suppose -165*x - 8 = -161*x. Is (-8)/4*((-4701)/6 + x) a prime number?
True
Suppose 83*h + 54*h = 75059423. Is h composite?
True
Suppose -266696421 = -455*q + 52718584. Is q composite?
False
Let o(a) = 7069*a**2 + 70*a + 141. Is o(-2) a composite number?
False
Let j = -51760 - -169659. Is j composite?
False
Let x(i) = 3228*i**2 - 9*i - 19. Let s be x(-3). Suppose z - 5814 = t, 3*t - s = -5*z - 2*t. Is z a prime number?
True
Let g(s) be the second derivative of 505*s**3/6 + 7*s**2 - 5*s + 4. Is g(11) composite?
False
Suppose -5*g = -5*u + 2775, 0*g = -u - 5*g + 561. Let k = u + 525. Is k prime?
False
Suppose -10*x + 6*x + 12 = 0, -2*i = 5*x - 550495. Suppose -7*u - i = -47*u. Is u prime?
False
Let b be (0 - 6) + -4 + 0. Let i be b/(-2) + 21 - (0 + -3). Suppose -519 = -i*n + 28*n. Is n prime?
False
Let f = 308 - 285. Suppose 3*m - 28*x + f*x = 71745, -71745 = -3*m - 3*x. Is m a prime number?
False
Let t(s) = -21150*s + 4309. Is t(-9) prime?
True
Is (23839648/(-64))/((-4)/8) prime?
False
Suppose 1403*m - 1413*m = -759030. Is m composite?
True
Suppose 6*d - 15 = 21. Suppose -d*g = 950 + 118. Let x = 13 - g. Is x composite?
False
Let j = 5199 + 3464. Suppose 1307*d - 1308*d + j = 0. Is d composite?
False
Suppose 71*o - 33*o - 356326 = 0. Is o a composite number?
False
Suppose -229*b + 225*b + 5*t = -1674221, -2*t + 418539 = b. Is b a prime number?
False
Suppose 4*p - 4*m = 148172, 2*p - 3*p - 4*m = -37023. Is p a composite number?
False
Suppose f - 4*a = -2*f + 153, 3*f + 5*a - 126 = 0. Suppose 71*v - 126168 = f*v. Is v a prime number?
False
Let l = -99 + 103. Suppose l*x + 163 + 365 = 0. Let p = x + 919. Is p prime?
True
Suppose -16813*b - 641292 = -16825*b. Is b composite?
False
Suppose 9639824 - 2007452 = 100*c - 12546728. Is c a composite number?
False
Let z = 1102 - -1605. Let u = -1500 + z. Is u composite?
True
Suppose 5*a + 139877 = 3*g, -17267 = -4*g + 2*a + 169217. Is g a prime number?
True
Let u(x) = -2*x + 34. Let f be u(16). Suppose 0*j - 8 = -4*j. Is j + -19*(-10)/f prime?
True
Suppose 0 = 7*w - 36703 - 26920. Is w composite?
True
Let y(b) = b**3 + b**2 - 2*b + 2. Let v(p) = -1602*p**3 + 5*p**2 + p + 9. Let k(g) = v(g) - 2*y(g). Is k(-2) a composite number?
True
Let t be (-3628)/(-8) + (-3)/2. Suppose o = -1 + t. Is o a composite number?
True
Let y(l) = -2 + 4 - 254*l**3 - 49*l + 51*l - 81*l**3. Suppose 0 = 5*r + 5. Is y(r) a composite number?
True
Let h(w) = -386*w**2 - 10*w - 65. Let j be h(-8). Is -1*(-5 + 3 + j) composite?
False
Let w be (-20)/(-2)*5166/135*-3. Let m = w + 2470. Is m a composite number?
True
Let f be ((-3)/6)/(3/(-18)). Suppose 3*v - 13934 = 4*z + 3961, 17901 = f*v - 2*z. Is v a prime number?
False
Let p(l) = -7*l + 30. Let q be p(9). Let g = -41 - q. Is 194/(-4)*(g - -4) prime?
False
Let s be 4/7 - 1834381/287. Let p = -3092 - s. Is p prime?
True
Suppose -1507 - 74976 = -17*y. Suppose 2*m + 4*x - 10785 = -y, -12608 = -4*m + x. Is m a composite number?
True
Let r = 18051 + -8597. Suppose 0 = 3*q - 4*s - 14181, -4*s + r = -0*q + 2*q. Is q a prime number?
False
Let x(s) = s**2 + 4*s + 6. Let c(y) = 3*y + 14. Suppose 6*w = -3 - 15. Let t be c(w). Is x(t) prime?
False
Let n(t) = -2107*t + 2740. Is n(-21) prime?
False
Suppose -20*a + 22*a - 541066 = 3*f, -3*f + 1082168 = 4*a. Is a composite?
False
Is 3594267/66*2 + (-2)/11 prime?
True
Let d = -39 + 809. Suppose 7*a = 9*a - d. Suppose -3*v - 3*x = v - 761, 2*v - 3*x - a = 0. Is v a composite number?
False
Is (24 + -25)/((-3 - 0)/196089) prime?
False
Is -7 - 7 - (-1181979 - -54) prime?
True
Suppose -5*l - 49 = -4*h, 4*h + 0*h = 2*l + 34. Let j be h + -2 + 2/2. Suppose -5*x = -y - 344, -4*x = -j*y - 171 - 100. Is x prime?
False
Suppose 0 = -4*s + 5*v + 337605 + 281072, -4*v - 309334 = -2*s. Is s a prime number?
False
Let r(i) = -i**3 - 10*i**2 + 25*i + 17. Let u be r(-12). Suppose 5*v = -u*v + 20. Suppose v*z - 688 = 3090. Is z prime?
Tru